g a composite number?
False
Let y be (-30)/(-4)*62/93. Suppose 3046 = 2*n + y*g, 3*g = -n - 0*n + 1523. Is n prime?
True
Let x(j) = 192*j - 5. Let a = 41 + -39. Is x(a) a composite number?
False
Suppose 3*l - 5*c = -9, 0*l = -2*l - 3*c - 6. Let z be (-3)/(-2)*(-178)/l. Is (-28)/(-7)*z/4 composite?
False
Let w(i) = i - 2. Let d be w(7). Suppose 2*l = d*l. Let n(u) = u + 217. Is n(l) composite?
True
Is 4/(4 + 8480/(-2122)) composite?
False
Let k(o) = 1669*o**2 + 8*o + 4 - 2 + 11. Is k(-2) a composite number?
False
Let s(u) = -100*u**3 + 35*u**2 - 45*u - 15. Let l(j) = -20*j**3 + 7*j**2 - 9*j - 3. Let m(f) = -11*l(f) + 2*s(f). Is m(4) a prime number?
False
Is (-73094)/(-21)*15/10 prime?
False
Suppose -v = -5*v + 4132. Suppose -5*n = 2*b - v, 4*b + 0*b + 3*n - 2101 = 0. Is b a prime number?
False
Suppose -5*u - 8*h = -4*h - 20882, -2*u + 8360 = -2*h. Is u prime?
False
Suppose 2*v - 4*v = -74. Let w be (v/(-4))/(6/(-24)). Suppose 3*j + w = 4*j. Is j a prime number?
True
Let m be (-11)/22*-7*134. Let r(q) = -q**3 + 9*q**2 + 11*q - 8. Let h be r(10). Is m*h*(-3)/(-6) prime?
False
Is (0 + -138826)/(24/(-12)) a composite number?
True
Let w(j) = -31*j + 18. Let s be w(7). Let z = s + 725. Is z a prime number?
False
Let p = -2 + -3. Is 2/(-8) + p/(-20)*2349 a composite number?
False
Let l = 2206 - -43. Is l a prime number?
False
Let c(w) be the third derivative of -w**4/6 - w**3/2 - 6*w**2. Let f be c(-2). Suppose 0*k + k - f*z - 84 = 0, -k + 3*z + 82 = 0. Is k prime?
True
Let d(q) = -q + 20. Let t be d(12). Is (-10)/t*(-888)/6 a prime number?
False
Suppose -3*z + 4*r - 131 = 0, 33 + 126 = -3*z - 3*r. Let v = 72 + z. Is v a prime number?
True
Is ((-5)/(-15))/(3 - 2000408/666804) a composite number?
True
Let n be (5/(-2))/((-3)/6) + -1. Suppose -8391 = -n*a - b, 4*b = -a + 1577 + 502. Is a a prime number?
True
Let m be 5 + 159/(-33) - (-16069)/11. Suppose -4*n - 2*v = -4881 + m, v = 4. Is n a composite number?
False
Suppose 0 = -f - 2*f + 12. Suppose -f*z = 5*j - 1, -9 = 3*j - 0*j. Suppose -z*l + l + 363 = -2*q, -583 = -5*l - 4*q. Is l composite?
True
Suppose -5 + 6 = p, 2*x = -3*p + 267. Suppose -4*t = -16, 3*t = -3*i + x + 1881. Is i a prime number?
False
Suppose 0 = 5*i + 2*l + 64, 3*l = 2*i + 10 + 8. Let n(j) = -15*j - 59. Let c(m) = -5*m - 20. Let r(q) = -17*c(q) + 6*n(q). Is r(i) composite?
True
Let c(b) = 81*b. Let v be c(1). Suppose 0*h - 5*h + k + 446 = 0, 0 = h + 5*k - 84. Suppose v = 2*f - h. Is f a composite number?
True
Suppose -67*t + 734426 = -155669. Is t a prime number?
False
Let n(k) = 2*k**2 - 4*k**2 + 2*k - k**2 + 2*k**2 - 1 - 12*k**3. Is n(-4) a prime number?
True
Let p(c) be the third derivative of -c**5/60 + c**4/24 - c**3 + 2*c**2. Let w be p(0). Let z(o) = -o**3 - 2*o**2 + 3*o - 5. Is z(w) composite?
True
Let x = 1 - -1. Suppose -2*r = x*y - 104, 0 = y - r - 0*r - 48. Is y/2 + 0/1 a prime number?
False
Suppose 4*w - 4*r - 5756 = -3*r, w + 3*r - 1439 = 0. Is w a composite number?
False
Is (-9 - -7)/((-4)/(-76390)*-5) composite?
False
Is (-16669)/(7 + -1 + -7) a prime number?
False
Suppose -2*r - 2*a + 4 = 2*r, -2*a = 4. Suppose -r = b - 2*b. Let v(c) = 2*c**2 + c - 1. Is v(b) composite?
True
Let u = 5650 + 10599. Is u a composite number?
False
Let n = 7 + -5. Suppose 0 = -3*m + 5*b - 4, -3*m - 14 = n*m - b. Is (m/(-9))/((-1)/(-609)) a prime number?
False
Suppose -p + 9 = -2*k - 3, -4*k - 4 = 3*p. Suppose 3*z = -o + 2010, -p + 16 = -4*o. Is z composite?
True
Suppose -4*z - s = -25342 + 5389, z = -4*s + 5007. Is z a prime number?
True
Let t be (-4)/(-5) + 12/10. Suppose -8 = -5*q + n, -12 = -2*q + t*n - 6*n. Suppose -q*j = 0, 2*j - 60 = -o + 5. Is o a composite number?
True
Let w = -1318 + 2305. Let p = -424 + w. Is p composite?
False
Let s = 16 + -13. Suppose -6*w + s*w + 5*o + 648 = 0, 0 = 5*o + 15. Suppose 0 = -2*b + 3*b - w. Is b a prime number?
True
Let x(j) = j**2 + 15*j + 10. Let t(z) = -z**2 + 2*z. Let v be t(5). Let h be x(v). Is (262/(-4))/((-5)/h) prime?
True
Let i(u) = -2930*u - 349. Is i(-7) a prime number?
True
Let s(a) = -a - 8. Suppose -3*i = -3*v + 27, 2*v - 4 - 23 = 5*i. Let j be s(v). Is 4/j - (-3666)/42 composite?
True
Suppose 2 = 2*f - 6. Suppose 0 = 2*j - 2*n + 6*n - 1466, -f*n = -5*j + 3735. Is j a prime number?
True
Suppose 11*b + 7476 = 13*b. Suppose -3*q = -3*t + 2067 + b, 4*q = 3*t - 5801. Is t composite?
True
Suppose -2*k + o + 6313 = 0, -o + 6333 = 2*k + 2*o. Suppose -k = 10*v - 8489. Is v prime?
False
Let z = 664 + -443. Is ((-15)/5 - -3) + z a composite number?
True
Suppose 5*x + 23 = 4*m, 4*m + 0 = 8. Let b(d) = -12*d**3 + d**2 - 3*d - 7. Is b(x) a composite number?
True
Let n = -72 + 104. Let h = 297 + n. Is h prime?
False
Suppose -12*a - 5406 = -26226. Is a a composite number?
True
Let h(t) = -t**3 + 6*t**2 - 7*t. Let j be h(4). Let n be 4853 - (2 + (-1 - j)). Is n/(3 - -1) - 1 a composite number?
False
Let k(s) = -164*s**3 + 9*s**2 + 23*s + 39. Is k(-5) composite?
True
Let d = -4475 - -6488. Suppose -4*g + 2183 + d = 0. Is g a prime number?
True
Suppose -19*j + 14*j + 25 = 0. Suppose 2*u + 3*i = 12 - 2, u + 2*i = j. Suppose 3*l + h - 753 = -0*h, -u*l + 5*h + 1255 = 0. Is l a composite number?
False
Let y be 60570/72 + (-1)/4. Let g = y - -408. Is g a prime number?
True
Is 174803 + 12*(-12)/36 a prime number?
True
Let d(j) = 24*j**3 + 8*j - 37. Is d(7) composite?
True
Is 252564/10 - (5 - 84/15) a prime number?
False
Suppose -259 = -5*q - 2*r + 706, 0 = 5*q - 2*r - 945. Is q composite?
False
Let x = -30084 - -42181. Is x a prime number?
True
Let h(d) = 5*d - 588 - 626 - 3*d - d. Let z be h(0). Let r = 1771 + z. Is r composite?
False
Suppose 0 = -33*t + 375220 + 244289. Is t a prime number?
True
Let m(a) = -4*a. Let u be m(-1). Suppose 0 = -0*j + u*j - 1652. Is j a composite number?
True
Suppose -3*g = -4*g + 11953. Is g a prime number?
True
Let n = 17 + 5. Suppose 2*f + 0*f + 3*b - n = 0, -5*f + 33 = 2*b. Suppose f*u = 426 + 319. Is u prime?
True
Let c be (-4)/2 - -1 - (-114 + 25). Suppose -p + 4925 - c = 0. Is p composite?
True
Let m = -4781 + 9888. Is m composite?
False
Suppose 2*i - 288 = 3*c, 10 = -4*c - 6. Let g = i + 38. Suppose 731 = 3*d + g. Is d a prime number?
False
Let h(f) = 2 - 2*f**2 + 0*f**2 + 8*f - 39*f**3 + 4*f**2 - 4*f. Let s be h(-2). Suppose 3*l = s - 107. Is l prime?
False
Suppose 3*r + 20*i - 24*i - 1359 = 0, 3*i + 1805 = 4*r. Is r prime?
True
Let a(y) = 2*y. Let x be a(0). Suppose -4*m + 0*u + u + 846 = x, 5*m - 4*u - 1063 = 0. Is m a composite number?
False
Let f = 2 + -2. Suppose f = 2*x - 2*k - 16, x + 3*k + 0 = -4. Suppose 0 = x*h - 280 - 835. Is h composite?
False
Let a be 2 - (13/(-1) + 4). Let k = 13 - a. Suppose -5*i + 442 = k*p - 0*p, -2*i = 3*p - 663. Is p a composite number?
True
Suppose 16*j + 35454 = 18*j - 4*a, 0 = -5*j + 3*a + 88600. Is j composite?
True
Let o(n) = -26*n + 6. Let r be o(-15). Suppose -w - r + 1896 = -3*k, 0 = -3*k + 9. Is w prime?
False
Let h = 28442 + -15219. Is h a composite number?
True
Let j be 56 - -2 - 0/(-2). Suppose 9 = 2*n + 1. Is ((-14)/n)/((-1)/j) prime?
False
Suppose 1084*r - 1082*r - 8746 = 0. Is r prime?
True
Let x(c) = -745*c - 13. Let t be x(-4). Suppose 3*y = -5*p + 6489 + 2327, y - t = 4*p. Is y composite?
True
Suppose -f = k - 5715 - 25227, -3*f + k + 92806 = 0. Is f composite?
False
Let a(r) = 29*r**2 - 10*r + 276. Is a(-35) a prime number?
True
Let s(f) = 21*f - 10. Let i(j) = 62*j - 29. Let z(b) = 3*i(b) - 8*s(b). Is z(11) prime?
True
Suppose 4*l - 13*j + 11*j - 62152 = 0, 0 = -4*l - j + 62146. Is l prime?
False
Let l = -1088 + 1103. Is l prime?
False
Let d = 48 - 38. Suppose r - d + 0 = -3*o, 10 = -5*r. Let k(f) = f**3 + 7*f**2 - 2*f - 11. Is k(o) a composite number?
False
Let i be 4/(-3) + 29480/33. Is (i*1 - (5 + -2))*1 a prime number?
False
Let g(x) = -2*x**3 + x**2 + 2. Let u be g(2). Let j be 246/(-5) - (-3)/15. Let h = u - j. Is h a composite number?
True
Let q be (-3)/6 + (-41453)/2. Let g be (-1)/4 - q/28. Is -7 + (0 - -4) + g composite?
True
Suppose -g + 390 = 79. Is g composite?
False
Let v = -4458 - -3161. Let u = -128 - v. Is u a prime number?
False
Let d(f) = -8*f + 4*f - 10*f**2 + 14 - f**3 - 4*f. Let y be d(-9). Suppose -4*s = s + y*w - 145, s = -3*w + 21. Is s a prime number?
False
Let k(h) = -234*h**3 +